{"id":27111,"date":"2022-12-26T20:26:22","date_gmt":"2022-12-26T19:26:22","guid":{"rendered":"https:\/\/2024.luisadelantadovlc.com\/artistas\/irma-alvarez-laviada\/"},"modified":"2026-04-07T11:32:26","modified_gmt":"2026-04-07T09:32:26","slug":"irma-alvarez-laviada","status":"publish","type":"la-artistas","link":"https:\/\/luisadelantadovlc.com\/en\/artists\/irma-alvarez-laviada\/","title":{"rendered":"Irma \u00c1lvarez-Laviada"},"content":{"rendered":"\n<p>The career of the artist Irma \u00c1lvarez-Laviada could be situated in the field of expanded painting, in an attempt to question, from a radical position, everything that in some way alludes to the structural elements of painting in its self-referentiality as a medium. In this way, the painting becomes an autonomous entity, whose flat surface no longer refers to anything but itself, thus overcoming everything related to representation and the illusion of depth. <\/p>\n\n<p>He has received awards such as the BMW Prize, the Bot\u00edn Foundation Visual Arts grant and the residency grant for the Cit\u00e9 des Arts in Paris. His work has also been shown at international fairs such as Maco, Liste, Photo Miami, CIRCA, ARCO, Estampa, etc., as well as in institutions such as Fundaci\u00f3n Cerezales Antonino y Cinia (Le\u00f3n), Fundaci\u00f3n RAC (Pontevedra) and forms part of important collections such as the European Parliament, AECID, Colecci\u00f3n Pilar Citoler, Colecci\u00f3n Mariano Yera, Spanish Ministry of Culture, Fundaci\u00f3n Antonio Gala, Galila Barzilai Collection (Brussels) and the Berezdivin Collection (Puerto Rico). He recently presented his solo exhibition at the Museo de Bellas Artes de Asturias.  <\/p>\n","protected":false},"featured_media":22911,"template":"","class_list":["post-27111","la-artistas","type-la-artistas","status-publish","has-post-thumbnail","hentry"],"_links":{"self":[{"href":"https:\/\/luisadelantadovlc.com\/en\/wp-json\/wp\/v2\/la-artistas\/27111","targetHints":{"allow":["GET"]}}],"collection":[{"href":"https:\/\/luisadelantadovlc.com\/en\/wp-json\/wp\/v2\/la-artistas"}],"about":[{"href":"https:\/\/luisadelantadovlc.com\/en\/wp-json\/wp\/v2\/types\/la-artistas"}],"version-history":[{"count":7,"href":"https:\/\/luisadelantadovlc.com\/en\/wp-json\/wp\/v2\/la-artistas\/27111\/revisions"}],"predecessor-version":[{"id":32072,"href":"https:\/\/luisadelantadovlc.com\/en\/wp-json\/wp\/v2\/la-artistas\/27111\/revisions\/32072"}],"wp:featuredmedia":[{"embeddable":true,"href":"https:\/\/luisadelantadovlc.com\/en\/wp-json\/wp\/v2\/media\/22911"}],"wp:attachment":[{"href":"https:\/\/luisadelantadovlc.com\/en\/wp-json\/wp\/v2\/media?parent=27111"}],"curies":[{"name":"wp","href":"https:\/\/api.w.org\/{rel}","templated":true}]}}

Irma Álvarez-Laviada

<p>The career of the artist Irma Álvarez-Laviada could be situated in the field of expanded painting, in an attempt to question, from a radical position, everything that in some way alludes to the structural elements of painting in its self-referentiality as a medium. In this way, the painting becomes an autonomous entity, whose flat surface no longer refers to anything but itself, thus overcoming everything related to representation and the illusion of depth. </p>

<p>He has received awards such as the BMW Prize, the Botín Foundation Visual Arts grant and the residency grant for the Cité des Arts in Paris. His work has also been shown at international fairs such as Maco, Liste, Photo Miami, CIRCA, ARCO, Estampa, etc., as well as in institutions such as Fundación Cerezales Antonino y Cinia (León), Fundación RAC (Pontevedra) and forms part of important collections such as the European Parliament, AECID, Colección Pilar Citoler, Colección Mariano Yera, Spanish Ministry of Culture, Fundación Antonio Gala, Galila Barzilai Collection (Brussels) and the Berezdivin Collection (Puerto Rico). He recently presented his solo exhibition at the Museo de Bellas Artes de Asturias.  </p>
