{"id":12047,"date":"2022-07-19T10:36:50","date_gmt":"2022-07-19T08:36:50","guid":{"rendered":"https:\/\/www.luisadelantadovlc.com\/?p=12047"},"modified":"2025-11-12T18:02:04","modified_gmt":"2025-11-12T17:02:04","slug":"arco-2022-2-2-2","status":"publish","type":"la-ferias","link":"https:\/\/luisadelantadovlc.com\/en\/fairs\/arco-2022-2-2-2\/","title":{"rendered":"ARCO 2022"},"content":{"rendered":"<p>ARCO 2022<\/p>\n<p>23 \u2013 27 febrero<br \/>\n12 am a 8 pm<br \/>\nBooth 9C20<\/p>\n<p>Carmen Calvo, Ting-Ting Cheng, Jos\u00e9 Luis Cremades, Javi Cruz, Folkert de Jong, Julie C. Fortier, Fuentesal &amp; Arenillas, Rub\u00e9n Guerrero, Lamarche-Ovize, \u00c1lex Marco, Javier Palacios, Jos\u00e9 Miguel Pere\u00f1\u00edguez, Jorge Peris, Cachito Vall\u00e9s, Dar\u00edo Villalba.<\/p>\n<p>Solo Project. Rojo, amarillo, azul y negro<br \/>\nIrma \u00c1lvarez-Laviada<\/p>\n","protected":false},"featured_media":14171,"template":"","categories":[331],"class_list":["post-12047","la-ferias","type-la-ferias","status-publish","has-post-thumbnail","hentry","category-news"],"_links":{"self":[{"href":"https:\/\/luisadelantadovlc.com\/en\/wp-json\/wp\/v2\/la-ferias\/12047","targetHints":{"allow":["GET"]}}],"collection":[{"href":"https:\/\/luisadelantadovlc.com\/en\/wp-json\/wp\/v2\/la-ferias"}],"about":[{"href":"https:\/\/luisadelantadovlc.com\/en\/wp-json\/wp\/v2\/types\/la-ferias"}],"version-history":[{"count":2,"href":"https:\/\/luisadelantadovlc.com\/en\/wp-json\/wp\/v2\/la-ferias\/12047\/revisions"}],"predecessor-version":[{"id":30246,"href":"https:\/\/luisadelantadovlc.com\/en\/wp-json\/wp\/v2\/la-ferias\/12047\/revisions\/30246"}],"wp:featuredmedia":[{"embeddable":true,"href":"https:\/\/luisadelantadovlc.com\/en\/wp-json\/wp\/v2\/media\/14171"}],"wp:attachment":[{"href":"https:\/\/luisadelantadovlc.com\/en\/wp-json\/wp\/v2\/media?parent=12047"}],"wp:term":[{"taxonomy":"category","embeddable":true,"href":"https:\/\/luisadelantadovlc.com\/en\/wp-json\/wp\/v2\/categories?post=12047"}],"curies":[{"name":"wp","href":"https:\/\/api.w.org\/{rel}","templated":true}]}}

<p>ARCO 2022</p>
<p>23 – 27 febrero<br />
12 am a 8 pm<br />
Booth 9C20</p>
<p>Carmen Calvo, Ting-Ting Cheng, José Luis Cremades, Javi Cruz, Folkert de Jong, Julie C. Fortier, Fuentesal &amp; Arenillas, Rubén Guerrero, Lamarche-Ovize, Álex Marco, Javier Palacios, José Miguel Pereñíguez, Jorge Peris, Cachito Vallés, Darío Villalba.</p>
<p>Solo Project. Rojo, amarillo, azul y negro<br />
Irma Álvarez-Laviada</p>
